{"id":3708,"date":"2024-09-21T10:39:50","date_gmt":"2024-09-21T16:39:50","guid":{"rendered":"https:\/\/fersaarquitectura.com\/web\/?page_id=3708"},"modified":"2024-09-21T10:43:10","modified_gmt":"2024-09-21T16:43:10","slug":"blog","status":"publish","type":"page","link":"https:\/\/fersaarquitectura.com\/web\/blog\/","title":{"rendered":"Blog"},"content":{"rendered":"\t\t<div data-elementor-type=\"wp-page\" data-elementor-id=\"3708\" class=\"elementor elementor-3708\">\n\t\t\t\t<div class=\"elementor-element elementor-element-2f91f26 e-flex e-con-boxed e-con e-parent\" data-id=\"2f91f26\" data-element_type=\"container\">\n\t\t\t\t\t<div class=\"e-con-inner\">\n\t\t\t\t<div class=\"elementor-element elementor-element-6662cc9 elementor-widget elementor-widget-ruizarch-blog-module\" data-id=\"6662cc9\" data-element_type=\"widget\" data-widget_type=\"ruizarch-blog-module.default\">\n\t\t\t\t<div class=\"elementor-widget-container\">\n\t\t\t\n\t\t<div class=\"mil-blog\">\n\t\t\t\t\t\t<div class=\"row \">\n\t\t\t\t\n\n<div class=\"col-lg-6\">\n\t<div id=\"post-3714\" class=\"post-3714 post type-post status-publish format-standard has-post-thumbnail hentry category-blog\">\n\t\t<div class=\"mil-blog-card mil-mb-60\">\n\t\t\t<div class=\"mil-cover mil-up mil-long\">\n\t\t\t\t\t\t\t\t<a href=\"https:\/\/fersaarquitectura.com\/web\/2024\/09\/21\/exteriores-amplios\/\"><img decoding=\"async\" src=\"https:\/\/fersaarquitectura.com\/web\/wp-content\/uploads\/2024\/09\/WhatsApp-Image-2024-09-17-at-16.17.17-1000x563.jpeg\" alt=\"Exteriores amplios\" \/><\/a>\n\t\t\t\t\t\t\t\t<div class=\"mil-date\">21 septiembre, 2024<\/div>\n\t\t\t<\/div>\n\t\t\t<div class=\"mil-description\">\n\t\t\t\t\t\t\t\t<span class=\"mil-suptitle mil-upper mil-up mil-mb-30\">\n\t\t\t\t\t<span>Blog<\/span>\t\t\t\t<\/span>\n\t\t\t\t\t\t\t\t<h4 class=\"mil-upper mil-up mil-mb-30\"><a href=\"https:\/\/fersaarquitectura.com\/web\/2024\/09\/21\/exteriores-amplios\/\">Exteriores amplios<\/a><\/h4>\n\t\t\t\t\t\t\t\t<div class=\"mil-up\"><p>Una nueva tendencia en los dise\u00f1os de casas en espacios abiertos&#8230;.<\/p>\n<\/div>\n\t\t\t\t\t\t\t<\/div>\n\t\t<\/div>\n\t<\/div>\n<\/div>\n\n\n<div class=\"col-lg-6\">\n\t<div id=\"post-1\" class=\"post-1 post type-post status-publish format-standard has-post-thumbnail hentry category-blog\">\n\t\t<div class=\"mil-blog-card mil-mb-60\">\n\t\t\t<div class=\"mil-cover mil-up mil-long\">\n\t\t\t\t\t\t\t\t<a href=\"https:\/\/fersaarquitectura.com\/web\/2024\/09\/11\/hola-mundo\/\"><img decoding=\"async\" src=\"https:\/\/fersaarquitectura.com\/web\/wp-content\/uploads\/2024\/09\/WhatsApp-Image-2024-09-17-at-16.18.28-1000x563.jpeg\" alt=\"Dise\u00f1os modernos\" \/><\/a>\n\t\t\t\t\t\t\t\t<div class=\"mil-date\">11 septiembre, 2024<\/div>\n\t\t\t<\/div>\n\t\t\t<div class=\"mil-description\">\n\t\t\t\t\t\t\t\t<span class=\"mil-suptitle mil-upper mil-up mil-mb-30\">\n\t\t\t\t\t<span>Blog<\/span>\t\t\t\t<\/span>\n\t\t\t\t\t\t\t\t<h4 class=\"mil-upper mil-up mil-mb-30\"><a href=\"https:\/\/fersaarquitectura.com\/web\/2024\/09\/11\/hola-mundo\/\">Dise\u00f1os modernos<\/a><\/h4>\n\t\t\t\t\t\t\t\t<div class=\"mil-up\"><p>Bienvenido a WordPress. Esta es tu primera entrada. Ed\u00edtala o b\u00f3rrala, \u00a1luego empieza a escribir!<\/p>\n<\/div>\n\t\t\t\t\t\t\t<\/div>\n\t\t<\/div>\n\t<\/div>\n<\/div>\n\t\t\t<\/div>\n\n\t\t\t\t\t\t<!-- pagination -->\n\t\t\t<div class=\"container\">\n\t\t\t\t<div class=\"mil-background-grid mil-softened\"><\/div>\n\t\t\t\t<div class=\"mil-pagination mil-up\">\n\t\t\t\t\t<div class=\"mil-nav-buttons\">\n\t\t\t\t\t\t\t\t\t\t\t\t\t\t\t\t\t\t\n\t\t\t\t\t\t<div class=\"mil-slider-button mil-banner-prev\">\n\t\t\t\t\t\t\t<span class=\"mil-disabled\">Prev<\/span>\t\t\t\t\t\t<\/div>\n\t\t\t\t\t\t<div class=\"mil-slider-button mil-banner-next\">\n\t\t\t\t\t\t\t<span class=\"mil-disabled\">Next<\/span>\t\t\t\t\t\t<\/div>\n\t\t\t\t\t<\/div>\n\n\t\t\t\t\t\t\t\t\t\t<ul class=\"mil-page-numbers\">\n\t\t\t\t\t\t\t\t\t\t\t\t\t\t\t\t\t\t\t\t<li class=\"mil-active\">\n\t\t\t\t\t\t\t\t<a>1<\/a>\n\t\t\t\t\t\t\t<\/li>\n\t\t\t\t\t\t\t\t\t\t\t\t\t\t\t\t\t\t<\/ul>\n\t\t\t\t\t\t\t\t\t<\/div>\n\t\t\t<\/div>\n\t\t\t<!-- pagination end -->\n\t\t\t\n\t\t\t\t\t<\/div>\n\n\t\t\t\t<\/div>\n\t\t\t\t<\/div>\n\t\t\t\t\t<\/div>\n\t\t\t\t<\/div>\n\t\t\t\t<\/div>\n\t\t","protected":false},"excerpt":{"rendered":"<p>11 septiembre, 2024 Blog Dise\u00f1os modernos Bienvenido a WordPress. Esta es tu primera entrada. Ed\u00edtala o b\u00f3rrala, \u00a1luego&#8230; <br \/><a href=\"https:\/\/fersaarquitectura.com\/web\/2024\/09\/11\/hola-mundo\/\" class=\"mil-link mil-upper mil-up mil-mt-30\"><span>Read<\/span><span class=\"mil-arrow\"><img decoding=\"async\" src=\"https:\/\/fersaarquitectura.com\/web\/wp-content\/themes\/ruizarch\/assets\/img\/icons\/1.svg\" alt=\"arrow\"><\/span><\/a><\/p>\n","protected":false},"author":1,"featured_media":452,"parent":0,"menu_order":0,"comment_status":"closed","ping_status":"closed","template":"","meta":{"_acf_changed":false,"footnotes":""},"class_list":["post-3708","page","type-page","status-publish","has-post-thumbnail","hentry"],"acf":[],"aioseo_notices":[],"_links":{"self":[{"href":"https:\/\/fersaarquitectura.com\/web\/wp-json\/wp\/v2\/pages\/3708","targetHints":{"allow":["GET"]}}],"collection":[{"href":"https:\/\/fersaarquitectura.com\/web\/wp-json\/wp\/v2\/pages"}],"about":[{"href":"https:\/\/fersaarquitectura.com\/web\/wp-json\/wp\/v2\/types\/page"}],"author":[{"embeddable":true,"href":"https:\/\/fersaarquitectura.com\/web\/wp-json\/wp\/v2\/users\/1"}],"replies":[{"embeddable":true,"href":"https:\/\/fersaarquitectura.com\/web\/wp-json\/wp\/v2\/comments?post=3708"}],"version-history":[{"count":4,"href":"https:\/\/fersaarquitectura.com\/web\/wp-json\/wp\/v2\/pages\/3708\/revisions"}],"predecessor-version":[{"id":3712,"href":"https:\/\/fersaarquitectura.com\/web\/wp-json\/wp\/v2\/pages\/3708\/revisions\/3712"}],"wp:featuredmedia":[{"embeddable":true,"href":"https:\/\/fersaarquitectura.com\/web\/wp-json\/wp\/v2\/media\/452"}],"wp:attachment":[{"href":"https:\/\/fersaarquitectura.com\/web\/wp-json\/wp\/v2\/media?parent=3708"}],"curies":[{"name":"wp","href":"https:\/\/api.w.org\/{rel}","templated":true}]}}